of 3984 and 7533?
3
What is the highest common divisor of 7335775 and 25?
25
What is the greatest common divisor of 690 and 32692890?
690
Calculate the highest common divisor of 10170 and 4286994.
678
Calculate the greatest common factor of 109 and 61938269.
109
Calculate the greatest common factor of 2856457 and 9669.
293
What is the greatest common divisor of 13636 and 4092681768?
13636
What is the highest common factor of 1857272 and 23064?
248
What is the greatest common divisor of 861 and 6917848?
287
Calculate the greatest common divisor of 15096785 and 43725.
2915
Calculate the highest common divisor of 76 and 252248.
4
What is the highest common factor of 58794687 and 631?
631
Calculate the greatest common divisor of 40 and 4430422820.
20
What is the highest common divisor of 5922 and 4964610?
1974
Calculate the greatest common divisor of 119800266 and 12.
6
What is the highest common factor of 554150 and 1790?
10
Calculate the highest common divisor of 1218871 and 3352.
419
Calculate the greatest common factor of 2652056 and 5016.
88
Calculate the greatest common divisor of 6100941 and 18942.
231
Calculate the greatest common divisor of 30 and 13279335.
15
Calculate the greatest common factor of 26 and 902621122.
26
Calculate the highest common factor of 22452410 and 914.
914
Calculate the highest common divisor of 1095808 and 272.
16
Calculate the highest common divisor of 26356528 and 1088.
272
What is the highest common factor of 60319 and 6272?
49
What is the greatest common factor of 135876 and 46967?
67
What is the highest common divisor of 30894 and 81?
3
Calculate the greatest common factor of 558 and 1208196.
18
What is the highest common divisor of 54918 and 7280703?
1017
What is the greatest common factor of 154035 and 56385?
315
What is the highest common divisor of 1863 and 154284?
69
Calculate the highest common factor of 2476 and 2137407.
619
Calculate the greatest common divisor of 197459 and 108889.
521
What is the greatest common divisor of 442290213 and 81?
81
What is the highest common divisor of 1479 and 18275493?
51
Calculate the greatest common divisor of 589 and 12233093.
19
Calculate the highest common factor of 17574 and 13920.
174
What is the greatest common divisor of 676 and 1926002?
26
Calculate the highest common factor of 22 and 216501648.
22
What is the highest common factor of 51007796 and 14?
14
What is the greatest common factor of 231 and 4198887?
231
Calculate the highest common factor of 95 and 2724915.
5
What is the highest common factor of 297472 and 1984?
64
Calculate the highest common factor of 247452350 and 41200.
5150
Calculate the greatest common factor of 5887 and 14351288.
203
Calculate the highest common factor of 2929 and 1635107.
29
Calculate the greatest common divisor of 632 and 101265992.
632
What is the greatest common factor of 5011814 and 1534?
118
What is the highest common factor of 694734 and 29014?
178
Calculate the highest common factor of 3435226 and 3403.
41
Calculate the highest common factor of 17350204 and 899.
31
What is the greatest common factor of 5370 and 1740705?
15
What is the greatest common divisor of 16542040 and 280?
40
Calculate the greatest common divisor of 701679 and 27.
3
What is the highest common divisor of 8536 and 172441168?
776
Calculate the highest common divisor of 84651 and 1725963.
417
Calculate the highest common divisor of 139347 and 585.
117
What is the greatest common divisor of 11016438 and 24?
6
Calculate the highest common factor of 39 and 135753.
3
Calculate the highest common divisor of 8381 and 2888844.
289
What is the highest common factor of 48 and 44526864?
48
Calculate the highest common factor of 18784047 and 186.
93
Calculate the greatest common divisor of 3183776 and 1736.
8
Calculate the highest common factor of 3307051 and 3077.
181
Calculate the highest common divisor of 801578 and 85946.
1754
What is the greatest common factor of 2128552 and 31392?
872
What is the highest common divisor of 1049 and 2485492208?
1049
Calculate the greatest common factor of 1710659 and 18377.
799
What is the greatest common factor of 1928758 and 8060?
806
Calculate the greatest common factor of 1729202 and 172.
86
Calculate the greatest common factor of 186750 and 8946.
18
What is the greatest common factor of 320950 and 432425?
1225
What is the greatest common divisor of 3380 and 514140588?
676
Calculate the greatest common factor of 6422570 and 1100.
110
Calculate the highest common divisor of 301 and 580741.
7
Calculate the highest common factor of 308574 and 3561873.
1659
Calculate the highest common divisor of 46 and 70239746.
46
What is the greatest common divisor of 7518 and 1206961?
7
What is the greatest common divisor of 3345812 and 165244?
1516
What is the highest common divisor of 58150860 and 60?
60
Calculate the highest common factor of 5924685 and 31395.
4485
Calculate the highest common divisor of 48554 and 233728.
22
What is the greatest common factor of 7013344 and 2704?
208
Calculate the greatest common divisor of 3120 and 365520.
240
Calculate the greatest common factor of 322696 and 91124.
836
Calculate the greatest common factor of 2110 and 142469310.
2110
What is the greatest common factor of 3902736 and 264?
24
Calculate the highest common factor of 38374934 and 41574.
1066
Calculate the greatest common divisor of 14097252 and 104052.
3588
What is the greatest common divisor of 11085 and 6418913355?
11085
Calculate the greatest common factor of 56105 and 55.
5
Calculate the greatest common factor of 29400 and 2643550.
2450
What is the greatest common divisor of 616 and 2239558552?
616
Calculate the highest common factor of 294 and 10571844.
6
What is the greatest common divisor of 28149736 and 496?
248
Calculate the highest common divisor of 223409616 and 5431.
5431
Calculate the greatest common divisor of 1890 and 12364920.
270
What is the highest common divisor of 17978 and 1703971?
101
Calculate the greatest common divisor of 114 and 1458966.
6
Calculate the greatest common divisor of 59249 and 16858757.
179
Calculate the greatest common divisor of 9386 and 850174.
494
What is the highest common factor of 45748558 and 326?
326
What is the highest common divisor of 29 and 65377919?
29
What is the highest common divisor of 152994 and 2368442?
1186
Calculate the highest common divisor of 45 and 98861805.
45
Calculate the greatest common divisor of 15 and 14733765.
15
Calculate the greatest common divisor of 1087 and 3452979418.
1087
Calculate the highest common divisor of 1473877 and 477.
53
Calculate the greatest common divisor of 200 and 64510360.
40
Calculate the highest common divisor of 58 and 6566557.
29
What is the highest common factor of 1023425 and 42770?
3055
What is the greatest common factor of 4376680 and 5280?
440
What is the greatest common factor of 4897037 and 9?
1
Calculate the highest common factor of 1566 and 146777526.
522
Calculate the highest common divisor of 478196168 and 8.
8
What is the greatest common divisor of 184 and 11542616?
8
Calculate the highest common factor of 898 and 20713717.
449
What is the greatest common divisor of 2403 and 42689918?
89
Calculate the greatest common factor of 8434 and 814.
2
Calculate the highest common factor of 4632554 and 85040.
2126
What is the greatest common factor of 14191380 and 140?
140
What is the greatest common divisor of 58215045 and 160125?
6405
Calculate the greatest common divisor of 1329519 and 2532099.
6681
Calculate the highest common divisor of 2346 and 995049.
69
What is the highest common factor of 462 and 514126074?
462
What is the greatest common divisor of 192 and 65409?
3
What is the greatest common factor of 24 and 1862956?
4
Calculate the highest common divisor of 338 and 1017302.
26
Calculate the highest common divisor of 7661832 and 89.
89
What is the highest common divisor of 678 and 2384192424?
678
What is the greatest common factor of 77075984 and 136009?
3163
Calculate the greatest common divisor of 6845 and 1618565.
185
What is the greatest common divisor of 1427921178 and 914?
914
Calculate the greatest common factor of 1111 and 131780.
11
What is the highest common divisor of 1331 and 411191759?
121
Calculate the grea